6) - (-142 - (-3 - -12 - 14))?
126
What is the value of (39 - 1) + (35 - 157 - -56)?
-28
What is 2 + -3 + (40 - 44 - -43) - (0 - 9)?
47
What is 212 - 211 - (0 - (2 + -6 + 68))?
65
What is -62 + 67 + 5 + -2 + -11 + -16?
-19
Calculate (1596 - 1613) + -1 + 6 + 7 + -5.
-10
Calculate 7 + -71 - (62 + -119).
-7
What is the value of -96 - (57 - 34 - 66)?
-53
Evaluate 42 - (1 + 4 + -10 + (-18 - -34) - 20).
51
Evaluate -11 + (4 + (12 - 26) - -8) + 16.
3
-5 + (4 - 5) - (-7 - -25 - 20)
-4
Calculate 26 - 0 - (2141 + -2154).
39
-1 - (-12 + 16) - (-64 - -57)
2
What is the value of 59 - (5 - (2 + 7 + -5 - -9))?
67
What is -6 + 2 + -2 + -1 + -4 - 44?
-55
Evaluate -83 + -6 + (32 - (29 + 19 - 39)).
-66
What is the value of (-2 - -17) + -222 + 176?
-31
Calculate -11 + (8 + 43 - 28).
12
What is the value of 30 - 165 - -76 - (-1 - 4)?
-54
Calculate (2 - (-1 + 11)) + (90 + -46 - 79).
-43
Evaluate -90 + 105 + 58 + -71.
2
(-6 - -13 - (20 - 47 - (-3 + -5))) + 11
37
What is -227 - (-28 + -221) - (0 - -2 - 2)?
22
What is 10 - 0 - (65 - 31 - (38 - -9))?
23
What is the value of 16 + (57 - (71 - 32))?
34
Evaluate -50 + (35 - (24 + -13)) + 68.
42
What is -43 + 92 + -33 + -2?
14
Calculate -1 - (74 + -31 + (1 - -2) + 12).
-59
-2 + -66 - ((0 - -9) + -21 + 36 + -17)
-75
Calculate 10 + (-1 - (22 + 0)) - -82.
69
Calculate 44 + (-77 - 11) - (22 - 60).
-6
Evaluate (21 - (13 + (-9 - 32))) + (-10 - 1) + 7.
45
Calculate 1 - 2 - (2368 + -2366).
-3
What is the value of (-181 - 79 - -245) + (2 - (0 + 1))?
-14
-108 + 87 - -105 - 96
-12
Calculate -45 - ((22 - 46) + 9).
-30
What is -48 - (24 + (-97 - 41))?
66
What is the value of (-28 + -8 + -25 - 31) + 9?
-83
What is the value of -86 - (-21 + (-17 - -25)) - -26?
-47
Calculate (50 - 75) + 111 + -47.
39
Calculate -82 + (-66 - -121) + 96.
69
What is -72 + -55 + 130 + 3 + (28 - 0) + -3?
31
Calculate (24 - -6) + (-7 + (0 - -15) + 3 - 13).
28
-6 + 49 - (-4 + 1 + 6 + (-14 - -12))
42
What is the value of 4 + (3 - (7 + -12)) - (-14 + (-40 - -32))?
34
What is (-10 - (-88 - (3 + -2)) - -19) + -23?
75
What is the value of -9 - (4 + (-5 - (-13 - (-13 - -11))))?
-19
Calculate 0 + -13 + -12 + (-25 - -37) + 28.
15
Evaluate 9 - ((-19 - (-18 - -6)) + 14 + -16).
18
What is the value of 71 + 0 - (-31 - (15 - 52 - -3))?
68
Evaluate 1931 + -1887 + (-60 - 3).
-19
What is the value of 2 + -20 + 32 - (-13 - 1 - 3)?
31
5 - (29 + -24) - (-1 - (-11 - 1 - 0))
-11
What is (-96 - 2 - 1) + 63 + (-38 - -65) + -75?
-84
What is the value of (16 - 17) + -317 + 290?
-28
What is the value of -85 + (-64 + 56 - -88)?
-5
What is the value of (6 - (26 - 47)) + -3 - 22?
2
-13 - (1 + 6 + (4 - 25 - -21))
-20
What is 16 + (-6 - -1 - 5) - (-6 - -11 - -6)?
-5
(-2 - -2) + 0 + -11 + (24 - 40)
-27
Evaluate (-71 - (1 + -6)) + -1 + 1 + 1 + 10.
-55
What is 13 + (-42 - -37) + -1 + 3 + -1?
9
Evaluate (54 - (32 + -24)) + -19 + 1 + 8.
36
Evaluate 0 + -3 + -21 + 30 + 7 - (1 - -58).
-46
Evaluate 48 - ((-419 - -429) + (-1 - -1)).
38
2 + -32 + -144 + -31 + 167
-38
Calculate 13 - (-111 - -66) - 5.
53
What is -8 - (-7 - (0 - -8) - -31 - -9)?
-33
95 + 54 + -78 - 98
-27
Calculate 1 + 5 + -59 - (-317 - -299).
-35
What is 6 - (-13 - (-9 - -3) - (51 + -61))?
3
What is the value of -127 + 228 + (4 - (18 - 51))?
138
Calculate 248 - 293 - (-99 - -3).
51
Calculate (9 - 23 - -66) + -16 - (-4 + (2 - 6)).
44
Calculate -27 + -18 + (-21 - -5) + -56 + 75.
-42
Calculate 91 - 93 - (-9 + (0 - -6 - (-43 - -43))).
1
What is the value of -41 - (-103 + 28 + 30)?
4
Evaluate 0 - 20 - (-43 - -18) - -18.
23
(-32 + 45 - -49) + -45
17
What is the value of -6 - (60 - -12 - -3) - -12?
-69
What is (34 - 31) + 21 + 10 + 0?
34
Calculate (-44 - (131 - 233)) + (2 + 0 + -10 - -2).
52
(-7 - (-72 - -118)) + (-1 - -17)
-37
Calculate 39 + -30 - (-23 + 0 - (0 + -3)).
29
What is the value of 31 + -35 + (3 - 2 - -77 - (47 - 50))?
77
What is the value of (6 - -23 - 39) + -2 + 2 - -16?
6
Evaluate (1 - (4 - 1)) + -10 - (-24 - 30).
42
What is the value of 0 + -50 - (-30 + -3 - (315 - 332))?
-34
Calculate 16 - ((-188 - -219) + (19 - 0) + -4).
-30
Calculate ((-49 - -44) + -2 - (-2 + 5)) + -72.
-82
Evaluate -123 + 150 + (11 - (-1 + 16)).
23
Calculate 7 + -1 + (-67 + 13 - 4).
-52
What is -18 - -54 - (19 - 14) - -11?
42
Evaluate 28 + 9 - (117 - (-15 - 18)).
-113
Evaluate -58 + 4 + 0 + -2 - (2 - -8).
-66
What is (-73 - -156) + 16 + -17?
82
Calculate -34 - 4 - (58 - (-45 + 157)).
16
Evaluate -14 - (-13 + -37) - 55.
-19
(-7 - -65) + (1 - 9) + -13
37
0 + 77 - (31 + (-254 - -184))
116
Calculate -52 + 61 - (-3 + 8 - 3).
7
Calculate -44 - (-11 - 4) - (113 - 115).
-27
-1 + -5 + (-22 + 24 - -22)
18
Evaluate -44 - (24 + 52 - 123).
3
What is the value of -119 + 90 - -57 - 92?
-64
What is the value of 46 - (-8 + 6 + -1 - -19)?
30
Evaluate 5 - (-47 + (-8 - 5) + 8 + 6).
51
What is the value of -11 + (-86 + 51 - -33)?
-13
What is the value of (-9 - 8) + -28 + 43?
-2
Calculate 25 + -3 + 6 + (-944 - -937).
21
What is the value of (-2 + 4 - 3) + -37 - (-163 - (-168 + 20))?
-23
What is 23 + 196 + -124 - 217?
-122
Evaluate 1 + -9 + (-38 - (-60 + 29 + -6)).
-9
What is the value of -1 - 8 - (1395 + -1384)?
-20
What is the value of (63 - 51) + -56 - -49?
5
What is the value of 86 - 3 - (151 + -32 + -112)?
76
What is 33 - (-52 + (-46 - -64))?
67
Calculate 0 - ((-10 + 27 - 31) + -1 + 10 - -139).
-134
Calculate (32 - (10 + (-5 - 9))) + (1 - -12).
49
Calculate -1 + -10 - (235 - 235 - (2 - -15)).
6
-4 - (10 + -1) - (-2 + 0) - (57 + -134)
66
(-398 - -427) + 23 + -51
1
Calculate -9 - (-6 + (-16 - -3 - (5 + -21))).
-6
Evaluate 2207 + -2222 + (102 - 1).
86
Calculate (12 + -24 - 3 - -14 - 12) + 64.
51
What is the value of 7 + 7 + 4 - -3 - (-106 - -111)?
16
-1 + (7 - -1) + -56 + (53 - (47 + -20))
-23
What is the value of (238 - 212) + (-40 - -9)?
-5
Evaluate -48 - (-6 - (-32 + 41 + -30)).
-63
What is the value of (80 - 15) + -14 + -45?
6
13 - (-7 + 6) - (727 - 585)
-128
What is 62 - (88 + (-2 - 99))?
75
What is 5 + -72 + 155 + -121 - -114?
81
-6 + (56 - (-60 + 78))
32
What is the value of 38 + (1 - (12 - ((-13 - (7 + -40)) + 1)))?
48
(-183 - -193 - (23 + -1)) + (6 - -19) + 0
13
What is (-6 - (6 + 16) - -8) + 44?
24
What is 8 + -2 + (5307 - 5469)?
-156
What is 3 + (-49 - -1) + (-20 - (11 - (33 - 15)))?
-58
Evaluate (-5 - (0 + -1)) + (234 - (393 + -143)).
-20
Calculate (2 - 25) + 30 + -92 + 28.
-57
Evaluate (-1 - 7 - (-7 - -2)) + (13 - (-3 - 4)).
17
-19 + 13 + 14 + 2
10
What is (28 - -3) + -71 + (26 - 34)?
-48
-48 + 11 + 11 + 11 + -6 + -17 + 1
-37
What is the value of -1 + 8 + -5 + 0 + (97 - 91)?
8
What is -22 + -10 + 21 + -6 + 17?
0
What is 10 + (-14 - -16) - -11 - (-53 + -29)?
105
What is the value of (24 + -28 + 0 - (-2 - 1)) + -104 + 187?
82
Evaluate (46 - 45) + -21 + 1 - (-53 + 50).
-16
-92 + 69 + 59 + (-2 - (7 - 3))
30
What is the value of -1 + -4 + (14 - 4) - -31 - 14?
22
What is the value of 13 + -9 - (-33 + 21 + 5)?
11
Evaluate 23 + (4 - 21) + -4.
2
33 - 36 - (5 + -32 + (-18 - -10))
32
Calculate 21 + (1 + -4 - -14) + (0 - (13 + -1)).
20
What is 56 + -18 + -4 + 4?
38
28 - (-59 - -10 - -31) - 85
-39
Evaluate -10 + 7 + (7 - 1) + 184 + -130.
57
-32 + -2 + (30 + -26 + -10 - -18)
-22
Evaluate -1 + 16 + -90 + 44.
-31
What is (-174 - -173) + -3 + -1 + -3 + 1 + 4?
-3
What is -9 + (24 - 3) - 13 - 22?
-23
Evaluate -49 + (-16 - -18) - (109 + -96).
-60
Evaluate (-23 - (42 + -21) - -11) + (0 - 0 - 5).
-38
(14 - (80 + 20)) + -1
-87
(-19 - -94 - 59) + (68 - -2 - -3)
89
105 + 99 + -165 + 60
99
What is -105 - (-53 - (47 + -15))?
-20
Evaluate -4 + -13 - (-16 - (7 + (-13 - 1))).
-8
What is the value of -36 - -2 - ((-16 - 23) + 9 - -41)?
-45
Evaluate 14 + -7 + 43 + 1 + (-10 - -25).
66
What is the value of -80 - (-25 - (24 + 20 + -71))?
-82
Evaluate -18 + -11 + (-11 - -8).
-32
What is -22 + -2 + (-1 - -4) + -278 + 261?
-38
What is 40 - (-89 + 175) - -16?
-30
What is the value of (149 - (103 + 0)) + 53?
99
What is -8 + -16 + 16 + -33 + (1 - 3)?
-43
What is (-1 - -117) + (-1224 - -1009)?
-99
28 + (-21 + -21 - (-1 - 24))
11
Calculate -1 + (-7 - -1) + (-16 - (-2 + 1) - -51).
29
What is the value of 92 + -4 + (4 - 5) + -275 + 268?
80
What is 0 + -23 + (18555 - 18492)?
40
What is (82 - (-4 + 1)) + -1 + 207 + -54 + -142?
95
What is the value of ((-10 - -13) + (-6 + 4 - -8) - 22) + 8?
-5
Calculate -14 + (